he prime factors of m.
2, 13, 43
Suppose -6*v = -46 + 4. Let m(x) = 6*x**2 - 10*x + 26. What are the prime factors of m(v)?
2, 5
Suppose -56*b = -61*b + 35, 3*b = 3*k - 18159. List the prime factors of k.
2, 3, 5, 101
Suppose -2*f - 35 = -77. Suppose f*x + 3*x - 6216 = 0. List the prime factors of x.
7, 37
Suppose 5*a - 5*p - 45256 = -9*p, 36248 = 4*a - 4*p. List the prime factors of a.
2, 283
Let k be (-5 - (-333)/63) + 9/(-7). List the prime factors of 148 + -8 + (k - -5).
2, 3
Let m be 2 - 6*(-10)/(-15). List the prime factors of (-3)/((-21)/m) + 215925/525.
3, 137
Let v = 36504 + 18615. List the prime factors of v.
3, 19, 967
Let i(z) = 70 - 19 - 27*z - 169 - 145 - 18*z. What are the prime factors of i(-6)?
7
Suppose l - 4*t = 6*l - 7380, -5*t = 5*l - 7375. Suppose -3*x = 2*s - 244 - 649, -5*s - l = -5*x. Suppose -o - 2*o = -x. List the prime factors of o.
3, 11
Let t = -56907 + 91701. What are the prime factors of t?
2, 3, 1933
Suppose 4*a - 3128 = -3*u - 279, -5*u = 4*a - 2847. Suppose -5*h = 8*n - 3*n - 1785, -h = 2*n - a. List the prime factors of n.
2, 89
Let o(z) = -3*z - 5. Let y be o(-3). Suppose -y = -4*m + 2*m. Suppose a = m*t - 23, 11 + 34 = 3*t + 2*a. What are the prime factors of t?
13
Suppose v - 4*k - 6009 + 2037 = 0, -2*k - 15846 = -4*v. List the prime factors of v.
2, 3, 5, 11
Let l = -17742 - -34741. List the prime factors of l.
89, 191
Let a(b) = b**3 - 5*b**2 - 9*b + 12. Let n be a(8). Suppose o = -2*o + n. Let m = 132 - o. List the prime factors of m.
2, 11
Let a(j) = 2*j**3 - 43*j**2 - 76*j + 1050. What are the prime factors of a(36)?
2, 3, 31, 193
Let s(g) = 5*g**2 + 7*g - 5. Let b be (3 + 21/(-6))/(1/(-10)). Let a be s(b). What are the prime factors of (a/20)/(-3 - (-340)/112)?
7, 31
Suppose -552*b + 568*b = 151840. List the prime factors of b.
2, 5, 13, 73
List the prime factors of (6324*(-22)/(-330))/(1/10).
2, 17, 31
Suppose t - 13 = -2*n - 0*t, 43 = 2*n - 5*t. Let i(p) = 14*p + 14. Let q be i(n). Let b = -85 + q. List the prime factors of b.
5, 11
Let b = 26 + 11. Let z = -34 + b. What are the prime factors of z*(461/15 + 12/20)?
2, 47
Suppose -970 = -5*h + 235. Suppose 0 = -7*u + h + 235. What are the prime factors of (-1)/(-1*2/u*2)?
17
Let l = 23 + -83. Let n be (-324)/l + 2/(-5). Suppose n*z = 148 + 282. What are the prime factors of z?
2, 43
Let g(y) = y**3 + 4*y**2 - 11*y + 3. Let d be g(-7). Let z = d + 331. What are the prime factors of z?
2, 3, 11
What are the prime factors of 2383340/60 + (-4)/12?
2, 19861
Suppose -4*u = -3*u + 4*w - 14, -4*u + 2*w + 2 = 0. Let z(x) = x**3 - 4*x + x**u + 7 + 29 + 5*x + 0*x**3. What are the prime factors of z(0)?
2, 3
Let a be (888/3)/1 + -7. List the prime factors of (-2)/((-4)/a)*4.
2, 17
Let i(l) = -403*l + 5858. List the prime factors of i(-117).
11, 61, 79
Let z(w) = -5*w**2 - 9 + 2*w**2 + 2*w**2 - 12*w. Suppose 195 - 13 = -26*h. List the prime factors of z(h).
2, 13
Let g = 55 - 49. Let w be ((-12)/(-9))/((-8)/g + 1). What are the prime factors of -3 + 5 - -78 - w?
2, 3, 7
Suppose -53253 = 2452*c - 2461*c. What are the prime factors of c?
61, 97
Let i be (0 + -2)*(4 + 63/(-6)). Suppose i*j - 563 = 3090. List the prime factors of j.
281
Suppose -234 - 786 = -10*s. Let k be (s - -3)/5*9. Suppose -5*u = -u - 5*v - 723, k = u - 4*v. List the prime factors of u.
3, 59
Suppose 0 = 5*t + 5*y - 32845 - 42040, 0 = 5*t - 4*y - 74885. List the prime factors of t.
17, 881
Let o = 20896 + 10925. What are the prime factors of o?
3, 10607
Suppose 665*l + 33234 - 1075246 = 576*l. What are the prime factors of l?
2, 2927
What are the prime factors of 38260/(-30)*(10/4 + -4)?
1913
Let r be ((-11609)/235)/(1/(-5)). Suppose -2*h + 10*d + 238 = 8*d, -2*h - d + r = 0. What are the prime factors of h?
2, 61
Suppose j + 4 = 9. Suppose -5*a + 2 = -7*a, a = j*b - 4031. List the prime factors of b.
2, 13, 31
Let j be (-1)/1*(-17)/(4 + -3). Suppose 5*v = -5, 3*v - j + 290 = 5*n. List the prime factors of n.
2, 3
Suppose 7*m - 513 = 138. Let g = -51 - m. Let p = g - -298. List the prime factors of p.
2, 7, 11
Let i = 6824 - 4458. Suppose -2*r = -4*g - 1584, 3*g + g - i = -3*r. What are the prime factors of r?
2, 5, 79
Suppose -m = 388 - 1448. Let b = m + -89. What are the prime factors of b?
971
Let l be (-32)/(-24)*((-51)/2 + 0). Let p = l + 96. Suppose -f + 4*c = p - 251, -5*f - c + 882 = 0. List the prime factors of f.
3, 59
Let h(l) = 2*l + 17. Let q be h(-6). Suppose -5*i = -5*f - q, -3*i - 4*f = i - 36. Suppose i*w - 127 = 368. List the prime factors of w.
3, 11
Suppose -91*m + 154*m = 190827. List the prime factors of m.
13, 233
Suppose 0 = -4*z + 394 - 130. Suppose z = 12*o + 6. Suppose 58 = -o*v + 6*v. List the prime factors of v.
2, 29
Let v be (2918/(-3))/(8/(-48)). Suppose -3*d + 4*r = -0*r - 3488, 0 = 5*d - r - v. List the prime factors of d.
2, 73
Suppose 3*f = -4*r + 11628 + 6443, 4*r = -4*f + 24088. What are the prime factors of f?
11, 547
Suppose 2*r + t - 1 = -171, 0 = 3*t + 6. Let s = r + 89. List the prime factors of s.
5
Let t(f) = f**3 + f. Let c be t(-2). Let k(y) be the second derivative of -13*y**3/6 + y**2 + 52*y - 8. What are the prime factors of k(c)?
2, 3, 11
Let z = 528 + 119. List the prime factors of (-20 - -17) + (-2 - z)/(-1).
2, 17, 19
Let a(j) = 2*j**2 - 38*j + 7. Let u be a(-27). Suppose -u*m = -2485*m - 3864. List the prime factors of m.
2, 7, 23
Suppose -14*y + 87 = 15*y. Suppose -x - 770 = -3*r, 15*r = 18*r - y*x - 768. What are the prime factors of r?
257
Let k be 3*(-1 + -3 + 5718) + 1. Suppose 538 = -27*x + k. What are the prime factors of x?
3, 5, 41
Let f(b) = -2*b + 35. Let d be f(15). Let g(l) = -5*l**2 - 7*l + 26. Let h(z) = 6*z**2 + 6*z - 26. Let a(y) = d*g(y) + 4*h(y). List the prime factors of a(-10).
2, 3
Suppose 3*j - 14150 = 5*u, 11*u - 9428 = -2*j + 9*u. Suppose 4*y + 5*f = 9*y - j, 1900 = 2*y + 5*f. List the prime factors of y.
3, 5, 7
Let m = 12542 - 4986. List the prime factors of m.
2, 1889
Let p(k) = 7*k**3 + 226*k**2 + 53*k - 57. List the prime factors of p(-32).
5, 59
Suppose 0 = -p + 2*o + 36079, -25*p - 216423 = -31*p - 5*o. List the prime factors of p.
36073
Let a(s) = 7221*s - 4. What are the prime factors of a(1)?
7, 1031
What are the prime factors of 25/(250/20) + 2290/1?
2, 3, 191
Let q = -4212 + 9184. What are the prime factors of q?
2, 11, 113
Let n(g) = -622*g - 796. What are the prime factors of n(-12)?
2, 1667
Suppose 47922 = 93*b - 180579. List the prime factors of b.
3, 7, 13
Suppose -6 = -3*c, -2*m - 4*c - c = -14. Suppose -278 = -j - m*u, 0 = -4*j + 4*u - 0*u + 1100. What are the prime factors of j?
2, 3, 23
Suppose -w + 3*x = -19, 2*x + 1 = -w - 5. Suppose -3*m - 955 = 2*q - 3977, w*m - 4035 = 3*q. What are the prime factors of m?
2, 3, 7
Suppose -46*v = -4917 - 47293. Suppose -1365 = -3*d + 2*a - 229, -3*d = -a - v. List the prime factors of d.
2, 3, 7
Let d be (12/(-10))/((-12)/(-40))*-5. Let t = 35 - d. Let c(r) = -r**2 + 17*r - 18. What are the prime factors of c(t)?
2, 3
Let k(w) = -w. Let j(i) = 107*i**2 + i - 2. Let d(t) = j(t) + 5*k(t). List the prime factors of d(2).
2, 11, 19
Let g(j) = j**2 - 20*j - 38. Let l be g(17). Suppose -q + 0*q = 346. Let t = l - q. What are the prime factors of t?
257
Suppose 5*b = -5*w + 45, 2*b + w = -0*b + 14. What are the prime factors of 1 + b + (-1 - -164)?
13
What are the prime factors of (9/(-24))/(87/(-2143912))?
9241
Let a be ((-2)/7)/(-2*3/42). Suppose 4*t = a*w - 1960, -3*t = 3*w - 1253 - 1669. What are the prime factors of w?
2, 61
Let p(u) = 4*u**2 + 9*u - 2. Let f be p(12). Suppose f = 4*n - 1166. What are the prime factors of n?
2, 3, 7, 11
Let q(h) = h**2 - 8*h + 3. Let y be (-18)/27 + 69/9. Let m be q(y). What are the prime factors of m/16 + 2811/12?
2, 3, 13
Let s = -240 - -414. Suppose -4*l + 8*h = 6*h - s, h - 42 = -l. List the prime factors of l.
43
Suppose -8*j = 20*j - 54096. Suppose 1962 + j = 11*v. What are the prime factors of v?
2, 3, 59
Suppose -3*o + 3312 = 21*o. Let q = 163 - o. List the prime factors of q.
5
Let b = -440 + 10173. What are the prime factors of b?
9733
Let f(p) be the third derivative of 23/30*p**6 - 1/60*p**5 - 1/6*p**3 + 0 + 0*p + 1/12*p**4 + 23*p**2. What are the prime factors of f(1)?
2, 23
Let u(o) = -o - 15. Let p be u(-5